{"id":9,"date":"2013-10-27T14:41:54","date_gmt":"2013-10-27T13:41:54","guid":{"rendered":"http:\/\/bermi.de\/?page_id=9"},"modified":"2025-01-30T10:50:07","modified_gmt":"2025-01-30T09:50:07","slug":"startseite","status":"publish","type":"page","link":"https:\/\/www.bermi.de\/","title":{"rendered":"Bermi &#8211; Ihr Pflegedienst in und um Buxtehude"},"content":{"rendered":"<blockquote>\n<p><strong><i>&#8222;Jeder Mensch ist individuell und wird nach seinen<br \/>W\u00fcnschen &amp; Bed\u00fcrfnissen versorgt, egal welcher Herkunft.&#8220;<\/i><\/strong><b><i><br \/><\/i><\/b><i>&#8211; Das ist unser Leitspruch.<\/i><\/p>\n<\/blockquote>\n<p><a href=\"https:\/\/www.bermi.de\/wp-content\/uploads\/2025\/01\/BergmannNitsch-v2-scaled.jpg\"><img loading=\"lazy\" decoding=\"async\" class=\"size-medium wp-image-427 alignright\" src=\"https:\/\/www.bermi.de\/wp-content\/uploads\/2025\/01\/BergmannNitsch-v2-176x300.jpg\" alt=\"\" width=\"176\" height=\"300\" srcset=\"https:\/\/www.bermi.de\/wp-content\/uploads\/2025\/01\/BergmannNitsch-v2-176x300.jpg 176w, https:\/\/www.bermi.de\/wp-content\/uploads\/2025\/01\/BergmannNitsch-v2-602x1024.jpg 602w, https:\/\/www.bermi.de\/wp-content\/uploads\/2025\/01\/BergmannNitsch-v2-768x1306.jpg 768w, https:\/\/www.bermi.de\/wp-content\/uploads\/2025\/01\/BergmannNitsch-v2-903x1536.jpg 903w, https:\/\/www.bermi.de\/wp-content\/uploads\/2025\/01\/BergmannNitsch-v2-1204x2048.jpg 1204w, https:\/\/www.bermi.de\/wp-content\/uploads\/2025\/01\/BergmannNitsch-v2-1200x2041.jpg 1200w, https:\/\/www.bermi.de\/wp-content\/uploads\/2025\/01\/BergmannNitsch-v2-scaled.jpg 1505w\" sizes=\"auto, (max-width: 176px) 85vw, 176px\" \/><\/a>Nach langj\u00e4hriger Erfahrung als Altenpflegerin und Pflegedienstleitung in der\u00a0station\u00e4ren\u00a0sowie ambulante Pflege, habe ich im Jahr 2011 den Entschluss gefasst den Pflegedienst BERMI zu gr\u00fcnden, um meinen Kunden eine individuelle Versorgung in Ihrer H\u00e4uslichkeit anbieten zu k\u00f6nnen.<\/p>\n<p>Bitte schauen Sie sich in Ruhe unsere Internetseite an. Gerne stehen wir ihnen unter\u00a0<strong>04163 &#8211; 82 899 42<\/strong>\u00a0zur Verf\u00fcgung oder kontaktieren Sie uns mit Hilfe des\u00a0<a title=\"Kontakt\" href=\"http:\/\/bermi.de\/?page_id=53\"><strong>Kontaktformulars<\/strong><\/a>.<\/p>\n\n\n<p><\/p>\n","protected":false},"excerpt":{"rendered":"<p>&#8222;Jeder Mensch ist individuell und wird nach seinenW\u00fcnschen &amp; Bed\u00fcrfnissen versorgt, egal welcher Herkunft.&#8220;&#8211; Das ist unser Leitspruch. Nach langj\u00e4hriger Erfahrung als Altenpflegerin und Pflegedienstleitung in der\u00a0station\u00e4ren\u00a0sowie ambulante Pflege, habe ich im Jahr 2011 den Entschluss gefasst den Pflegedienst BERMI zu gr\u00fcnden, um meinen Kunden eine individuelle Versorgung in Ihrer H\u00e4uslichkeit anbieten zu k\u00f6nnen. Bitte &hellip; <a href=\"https:\/\/www.bermi.de\/\" class=\"more-link\"><span class=\"screen-reader-text\">\u201eBermi &#8211; Ihr Pflegedienst in und um Buxtehude\u201c<\/span> weiterlesen<\/a><\/p>\n","protected":false},"author":3,"featured_media":0,"parent":0,"menu_order":0,"comment_status":"closed","ping_status":"closed","template":"","meta":{"footnotes":""},"class_list":["post-9","page","type-page","status-publish","hentry"],"_links":{"self":[{"href":"https:\/\/www.bermi.de\/index.php?rest_route=\/wp\/v2\/pages\/9","targetHints":{"allow":["GET"]}}],"collection":[{"href":"https:\/\/www.bermi.de\/index.php?rest_route=\/wp\/v2\/pages"}],"about":[{"href":"https:\/\/www.bermi.de\/index.php?rest_route=\/wp\/v2\/types\/page"}],"author":[{"embeddable":true,"href":"https:\/\/www.bermi.de\/index.php?rest_route=\/wp\/v2\/users\/3"}],"replies":[{"embeddable":true,"href":"https:\/\/www.bermi.de\/index.php?rest_route=%2Fwp%2Fv2%2Fcomments&post=9"}],"version-history":[{"count":9,"href":"https:\/\/www.bermi.de\/index.php?rest_route=\/wp\/v2\/pages\/9\/revisions"}],"predecessor-version":[{"id":428,"href":"https:\/\/www.bermi.de\/index.php?rest_route=\/wp\/v2\/pages\/9\/revisions\/428"}],"wp:attachment":[{"href":"https:\/\/www.bermi.de\/index.php?rest_route=%2Fwp%2Fv2%2Fmedia&parent=9"}],"curies":[{"name":"wp","href":"https:\/\/api.w.org\/{rel}","templated":true}]}}

<blockquote>
<p><strong><i>&#8222;Jeder Mensch ist individuell und wird nach seinen<br />Wünschen &amp; Bedürfnissen versorgt, egal welcher Herkunft.&#8220;</i></strong><b><i><br /></i></b><i>&#8211; Das ist unser Leitspruch.</i></p>
</blockquote>
<p><a href="https://www.bermi.de/wp-content/uploads/2025/01/BergmannNitsch-v2-scaled.jpg"><img loading="lazy" decoding="async" class="size-medium wp-image-427 alignright" src="https://www.bermi.de/wp-content/uploads/2025/01/BergmannNitsch-v2-176x300.jpg" alt="" width="176" height="300" srcset="https://www.bermi.de/wp-content/uploads/2025/01/BergmannNitsch-v2-176x300.jpg 176w, https://www.bermi.de/wp-content/uploads/2025/01/BergmannNitsch-v2-602x1024.jpg 602w, https://www.bermi.de/wp-content/uploads/2025/01/BergmannNitsch-v2-768x1306.jpg 768w, https://www.bermi.de/wp-content/uploads/2025/01/BergmannNitsch-v2-903x1536.jpg 903w, https://www.bermi.de/wp-content/uploads/2025/01/BergmannNitsch-v2-1204x2048.jpg 1204w, https://www.bermi.de/wp-content/uploads/2025/01/BergmannNitsch-v2-1200x2041.jpg 1200w, https://www.bermi.de/wp-content/uploads/2025/01/BergmannNitsch-v2-scaled.jpg 1505w" sizes="auto, (max-width: 176px) 85vw, 176px" /></a>Nach langjähriger Erfahrung als Altenpflegerin und Pflegedienstleitung in der stationären sowie ambulante Pflege, habe ich im Jahr 2011 den Entschluss gefasst den Pflegedienst BERMI zu gründen, um meinen Kunden eine individuelle Versorgung in Ihrer Häuslichkeit anbieten zu können.</p>
<p>Bitte schauen Sie sich in Ruhe unsere Internetseite an. Gerne stehen wir ihnen unter <strong>04163 &#8211; 82 899 42</strong> zur Verfügung oder kontaktieren Sie uns mit Hilfe des <a title="Kontakt" href="http://bermi.de/?page_id=53"><strong>Kontaktformulars</strong></a>.</p>


<p></p>

<p>&#8222;Jeder Mensch ist individuell und wird nach seinenWünschen &amp; Bedürfnissen versorgt, egal welcher Herkunft.&#8220;&#8211; Das ist unser Leitspruch. Nach langjähriger Erfahrung als Altenpflegerin und Pflegedienstleitung in der stationären sowie ambulante Pflege, habe ich im Jahr 2011 den Entschluss gefasst den Pflegedienst BERMI zu gründen, um meinen Kunden eine individuelle Versorgung in Ihrer Häuslichkeit anbieten zu können. Bitte &hellip; <a href="https://www.bermi.de/" class="more-link"><span class="screen-reader-text">„Bermi &#8211; Ihr Pflegedienst in und um Buxtehude“</span> weiterlesen</a></p>
